inder when 1380 is divided by w?
27
Let d be ((-3)/(-1))/(-6)*(-18 - -18). Suppose d = 2*h - 13 + 3, 4*x = h + 699. Calculate the remainder when x is divided by 42.
8
Suppose 0 = -3*q - 0*q + 54. Let d = 32 - q. Suppose 2*m - 152 = -5*y + 183, 67 = y - 2*m. Calculate the remainder when y is divided by d.
11
Let n = -13837 + 15068. Calculate the remainder when n is divided by 88.
87
Let f be 897/(-46)*344/(-12). Let u = f - 537. Suppose -o + 4*o = 123. Calculate the remainder when o is divided by u.
19
Let j = -18688 + 35966. Calculate the remainder when j is divided by 54.
52
Suppose 0 = -19*q + 152, -9*w + 2*q = -7*w - 2736. Calculate the remainder when w is divided by 114.
8
Suppose 12*c + 119 + 49 = 0. Let f(g) = 2*g**2 + 7*g + 12. What is the remainder when f(c) is divided by 11?
9
Suppose 0 = -4*z + 3*a - 195 + 42, -4*a = 5*z + 199. Let b(v) = -20*v + 5. Let h be b(4). Let x = z - h. Calculate the remainder when 105 is divided by x.
33
Let k = 20 - 9. Let y = -323 - -399. Suppose y + 4 = 4*r. What is the remainder when r is divided by k?
9
Let v(x) = -2*x + 23. Let h = -3 - -13. Let f be v(h). Suppose 6 = -f*b + 42. Calculate the remainder when 43 is divided by b.
7
Suppose 7*j - i + 279 = 3*j, 5*j - 5*i = -330. Let v = -73 - j. Let t(z) = -13*z + 7. Calculate the remainder when t(v) is divided by 9.
6
Let a = 803 - 775. Let v(n) = n**3 + 7*n**2 - n - 10. Let c be v(-7). What is the remainder when 51 + (2 - (c - -3)) is divided by a?
25
Let y(p) = -2*p**3 - 7*p**2 - 7*p + 12. Let d be y(-5). Suppose -n - d = -139. Calculate the remainder when 29 is divided by n.
12
Let m be ((-10)/(-6))/(8/(-12) + 1). Suppose m*v - 300 = -75. What is the remainder when 177 is divided by v?
42
Suppose 0 = -2*p - 4*q - 0*q + 508, -2*p = 3*q - 504. Suppose 50 = -10*z + 12*z. Calculate the remainder when p is divided by z.
21
Suppose 0 = 3*v + 25166 - 25190. Calculate the remainder when 32341 is divided by v.
5
Let m = 5 + 16. What is the remainder when 5848/40 + (-147)/35 + 4 is divided by m?
20
Suppose -294 = -3*n + 3*c, -2*c = n - 106 + 11. Let d = -10030 + 10051. What is the remainder when n is divided by d?
13
Suppose 0 = 254*u + 31*u - 37050. Calculate the remainder when u is divided by 0 + (35 - 0/2).
25
Let f(k) = 70 + 131*k - 261*k + 128*k. Suppose w + 2*w + 2*b = 25, -2*w + 3*b - 5 = 0. Calculate the remainder when f(31) is divided by w.
3
Suppose -2*d = 3*b - 106, 5*d - 333 = 18*b - 17*b. What is the remainder when d is divided by 33?
32
Let z = -3711 + 3885. Calculate the remainder when 15309 is divided by z.
171
Let y = 594 - 539. Let q(p) = p**2 + 5*p + 28. What is the remainder when y is divided by q(-4)?
7
Suppose -3*j + 9 = -5*c, c - 5*j = -25 + 10. Calculate the remainder when 539 is divided by (-27)/5*(c + (-1 - 4)).
26
Let s(j) = -j**3 - 7*j**2 - 7*j - 24. Let x(b) = -b**3 + 3*b**2 + 4*b - 7. What is the remainder when x(-5) is divided by s(-7)?
23
Suppose -11943 - 7986 - 20073 = -59*w. What is the remainder when w is divided by 148?
86
Suppose 0 = -74*n + 70*n + 12. Suppose -25 - 20 = -m - n*y, 2*m + 3*y - 78 = 0. What is the remainder when 0 + 3 + 465/5 is divided by m?
30
Let s = 267 + -265. Suppose -3*j + 61 = -13*w + 15*w, 2*j = s*w + 44. Suppose -102 = -3*p + 15. Calculate the remainder when p is divided by j.
18
Suppose 62686 + 39423 = 24*v + 36685. What is the remainder when v is divided by 228?
218
Let s = 56 + -105. Let k = -36 - s. Suppose 4*w - 204 = -5*m, -204 = -0*w - 4*w - 2*m. Calculate the remainder when w is divided by k.
12
Suppose r + 4*f - 91 = 0, r = -f + 2*f + 71. Let n = 106 - r. Suppose 0*p + p + 4*i = 4, 3*p - 19 = -5*i. What is the remainder when n is divided by p?
7
Let a = -35336 + 36156. What is the remainder when 2464 is divided by a?
4
Let z = 89 - 79. Let b = 91 - 122. Let d = b - -88. What is the remainder when d is divided by z?
7
Let a(o) = 7*o + 6. Let k = -68 - -87. Suppose -3*s + k + 35 = 0. Calculate the remainder when a(4) is divided by s.
16
Let a = -1704 + 1709. What is the remainder when 227 is divided by a?
2
Let f = -287 - -299. What is the remainder when (-78)/4*(4 - 88/f) is divided by 33?
32
Suppose 151 = -2*q - 77. Let s = -53 - q. Let f = -36 + s. Calculate the remainder when 73 is divided by f.
23
Suppose -6*n + 2*v = -2*n - 104, 5*n - 132 = 2*v. What is the remainder when n is divided by 26/(-78) + (-75)/(-9)?
4
Suppose -722*n = -3*z - 721*n + 47, -3*z = 4*n - 67. Calculate the remainder when 285 is divided by z.
13
Let m(s) = -s**2 - 25*s - 41. Let j be m(-21). Suppose 4*h - 5*h + k = -37, 0 = -h - 5*k + j. What is the remainder when 65 is divided by h?
27
Suppose w + 22*c - 4234 = 17*c, 5*w - 4*c = 21083. Calculate the remainder when w is divided by 90.
79
Let m = 26 - 16. Suppose 5*t = -m, -5*p = 2*t - 291 + 15. Let g = -501 - -835. What is the remainder when g is divided by p?
54
Suppose -k + 5 = -0. Suppose -j - 3*f + 25 = 3, -k*j + 3*f + 38 = 0. What is the remainder when (-188)/(-6)*(3043/1790 + 2/(-10)) is divided by j?
7
Let i = -39 - -45. Suppose 0 = i*d - 18*d + 1308. Calculate the remainder when d is divided by 16.
13
Suppose -2*c + 2*w + 6440 = 0, -4317 = -c - 3*w - 1073. What is the remainder when c is divided by 21?
13
Let t(q) = 34*q - 123. What is the remainder when 651 is divided by t(6)?
3
Suppose 0 = 4*z - 0*z - 5*h - 1428, 1090 = 3*z + h. Suppose o - z = -143. What is the remainder when o is divided by 14?
9
Suppose -143*i = 147*i - 203870. What is the remainder when i is divided by 9?
1
Let k = 35 - 15. Let a(z) = 2*z - 6. Let m be a(4). Suppose 7*g - 395 = m*g. What is the remainder when g is divided by k?
19
Suppose -4*y - 2*r = -9 + 5, -y + 3*r = -15. What is the remainder when 75 is divided by y/(1*(-425)/(-205) + -2)?
34
Suppose -34*x - 38 = -2*k - 32*x, 0 = -4*k - 4*x + 116. What is the remainder when 179 is divided by k?
11
Suppose 4*h + 4 = 2*h. What is the remainder when ((-1068)/72 + 17)*6 is divided by 5/(-2)*h/1?
3
Let s(r) = 187*r**2 - 9*r - 32. Calculate the remainder when s(-2) is divided by 18.
14
Let o(i) = 344*i - 26. Calculate the remainder when o(1) is divided by 35.
3
Let z = 31104 + -30861. What is the remainder when 940 is divided by z?
211
Let z = 4686 - 4588. Calculate the remainder when 3623 is divided by z.
95
Let n(z) = 5*z**2 - 32*z + 8. Let h be n(10). Suppose -16 = 187*g - h*g. Calculate the remainder when 54 is divided by g.
6
Let c = 459 - 240. Let s(v) = -7*v - 64. What is the remainder when c is divided by s(-11)?
11
Let c be (-19341)/(-84) + 1/(-4). Let h = c + -81. What is the remainder when h is divided by 53?
43
What is the remainder when (-1686)/(-1967) - (-1 + 21044/(-14)) is divided by 72?
65
Let o = 10 + 5. Let i = -120 + 126. What is the remainder when (-2)/(-2)*(7 + o) is divided by i?
4
What is the remainder when 128 is divided by 4239/99 - 1/22*-4?
42
Let g = -41 + 74. Let j(o) = 4*o**3 - 2*o**2 + 4*o - 4. Let t be j(5). Let i = -453 + t. Calculate the remainder when g is divided by i.
7
Let h = -6232 - -6592. Calculate the remainder when h is divided by 341.
19
Let j be (-9)/(-4) - (-1)/(-4). Suppose -509 = -61*c + 1232 + 699. Calculate the remainder when c is divided by (-38)/(j/(-1)) - -2.
19
Let l(v) = -v**3 + 2*v**2 + 34*v + 45. What is the remainder when l(-6) is divided by 11?
8
Let g(y) be the first derivative of -25*y + 1/4*y**4 - 3*y**2 - 20 + 7/3*y**3. Calculate the remainder when 186 is divided by g(-6).
45
Let a be (5*3)/(16 + -15). Let t(c) = c**2 - 16*c + 3. Let b be t(a). Let x = 65 + b. Calculate the remainder when x is divided by 5.
3
Let w(z) = -16*z**2 - 207*z + 35. What is the remainder when 7698 is divided by w(-13)?
20
Suppose 4*r + 16*r - 480 = 0. Calculate the remainder when 1846 is divided by r.
22
Let l = -7025 - -7574. What is the remainder when l is divided by 3?
0
Suppose x - 25 = 78. Suppose -68*y = -b - 71*y + 50, 3*y + 66 = 3*b. Calculate the remainder when x is divided by b.
16
Let y(i) = 5*i + 26. Let l be y(-33). Let t = -129 - l. What is the remainder when 116 is divided by t?
6
Let m(y) be the third derivative of 0 + 0*y - 37/24*y**4 + 1/30*y**5 + 9/2*y**3 - 19*y**2. What is the remainder when m(19) is divided by 13?
7
Suppose -6*r - 30 = -4*r. Let w = r - -33. Suppose 101 = i 